{"id":198,"date":"2025-04-28T20:25:59","date_gmt":"2025-04-28T20:25:59","guid":{"rendered":"https:\/\/www.margustrans.eu\/?page_id=198"},"modified":"2025-04-28T20:49:58","modified_gmt":"2025-04-28T20:49:58","slug":"legal-regulations","status":"publish","type":"page","link":"https:\/\/www.margustrans.eu\/?page_id=198","title":{"rendered":"Legal regulations"},"content":{"rendered":"<p>&nbsp;<\/p>\n<p>1 \/ 5<\/p>\n<p>PREPRAVN\u00dd PORIADOK CESTNEJ N\u00c1KLADNEJ DOPRAVY<\/p>\n<p>spolo\u010dnosti Margus, s. r. o., so s\u00eddlom na Z\u00e1mock\u00e1 706\/1, 064 01 Star\u00e1 \u013dubov\u0148a, I\u010cO 55 314 759 (\u010falej len Dopravca) vydan\u00fd pod\u013ea \u00a7 4 z\u00e1kona \u010d. 56\/2012 Z. z. o cestnej doprave v znen\u00ed neskor\u0161\u00edch predpisov (\u010falej len Z\u00e1kon o cestnej doprave).<\/p>\n<p>1. \u00davodn\u00e9 ustanovenia<br \/>\n1.1. Tento prepravn\u00fd poriadok (\u010falej len Prepravn\u00fd poriadok) obsahuje prepravn\u00e9 podmienky potrebn\u00e9, za ktor\u00fdch Dopravca uzatv\u00e1ra prepravn\u00fa zmluvu v zmysle z\u00e1kona \u010d. 40\/1964 Zb. Ob\u010diansky z\u00e1konn\u00edk v znen\u00ed neskor\u0161\u00edch predpisov (\u010falej len Ob\u010diansky z\u00e1konn\u00edk), z\u00e1kona \u010d. 513\/1991 Obchodn\u00fd z\u00e1konn\u00edk v znen\u00ed neskor\u0161\u00edch predpisov (\u010falej len Obchodn\u00fd z\u00e1konn\u00edk), pr\u00edpadne inej zmluvy, alebo p\u00edsomnej objedn\u00e1vky.<br \/>\n1.2. Dopravca podnik\u00e1 v cestnej n\u00e1kladnej doprave pod\u013ea \u00a7 3 Z\u00e1kona o cestnej doprave a v s\u00falade s vydan\u00fdm povolen\u00edm a licenciou Krajsk\u00e9ho \u00farad pre cestn\u00fa dopravu a pozemn\u00e9 komunik\u00e1cie pr\u00edpadne in\u00fdm povolen\u00edm potrebn\u00fdm na vykon\u00e1vanie prepravy.<br \/>\n1.3. Prepravou pod\u013ea tohto prepravn\u00e9ho poriadku je premiestnenie vec\u00ed, n\u00e1kladov, priemyseln\u00fdch tovarov a in\u00fdch po\u017eadovan\u00fdch druhov tovarov v medzin\u00e1rodnej a vn\u00fatro\u0161t\u00e1tnej cestnej n\u00e1kladnej doprave.<br \/>\n1.4. Prepravn\u00e1 povinnos\u0165 dopravcu je povinnos\u0165 vykona\u0165 prepravu, ak s\u00fa splnen\u00e9 podmienky pod\u013ea tohto prepravn\u00e9ho poriadku a umo\u017e\u0148uj\u00fa to prepravn\u00e9 podmienky, najm\u00e4 technick\u00fd stav, ton\u00e1\u017e alebo vy\u0165a\u017eite\u013enos\u0165 vozidla, sp\u00f4sobilos\u0165 vodi\u010da a nebr\u00e1nia tomu pr\u00ed\u010diny, ktor\u00e9 nemo\u017eno odvr\u00e1ti\u0165.<br \/>\n2. Druh prev\u00e1dzkovanej dopravy a rozsah poskytovan\u00fdch dopravn\u00fdch slu\u017eieb<br \/>\n2.1. Dopravca prepravuje celovozov\u00e9 z\u00e1sielky, kusov\u00e9 z\u00e1sielky, paletizovan\u00e9 z\u00e1sielky. K tomuto \u00fa\u010delu je dopravca vlastn\u00edkom a prev\u00e1dzkovate\u013eom n\u00e1kladn\u00fdch vozidiel nad 3,5t a n\u00e1kladn\u00fdch vozidiel do 3,5t.<br \/>\n2.2. Dopravca vykon\u00e1va prepravy na z\u00e1klade p\u00edsomn\u00fdch objedn\u00e1vok a prepravn\u00fdch zml\u00fav pod\u013ea Obchodn\u00e9ho z\u00e1konn\u00edka, Ob\u010dianskeho z\u00e1konn\u00edka.<br \/>\n2.3. V cestnej n\u00e1kladnej vn\u00fatro\u0161t\u00e1tnej a medzin\u00e1rodnej cestnej n\u00e1kladnej doprave podnik\u00e1 dopravca vozidlami, ktor\u00e9 s\u00fa ur\u010den\u00e9, vyroben\u00e9 a schv\u00e1len\u00e9 na prepravu vec\u00ed pod\u013ea medzin\u00e1rodn\u00fdch zml\u00fav platn\u00fdch pre SR.<br \/>\n3. Z\u00e1kladn\u00e9 ustanovenia k zmluve o preprave<br \/>\n3.1. Dopravca je povinn\u00fd:<\/p>\n<p>a) vykon\u00e1va\u0165 cestn\u00fa n\u00e1kladn\u00fa dopravu pod\u013ea tohto prepravn\u00e9ho poriadku,<br \/>\nb) zabezpe\u010di\u0165 v rozsahu poskytovan\u00fdch dopravn\u00fdch slu\u017eieb a s\u00favisiacich \u010dinnosti \u010fal\u0161ie vybavenie potrebn\u00e9 na prev\u00e1dzku, \u00fadr\u017ebu, technick\u00fa kontrolu,<br \/>\n2 \/ 5<\/p>\n<p>parkovanie a gar\u00e1\u017eovanie vozidiel a na starostlivos\u0165 o os\u00e1dky vozidiel a o n\u00e1klad,<br \/>\nc) ozna\u010di\u0165 ka\u017ed\u00e9 vozidlo ur\u010den\u00e9 na podnikanie obchodn\u00fdm menom,<br \/>\nd) zabezpe\u010di\u0165, aby v ka\u017edom vozidle pou\u017e\u00edvanom na podnikate\u013esk\u00e9 \u00fa\u010dely bol doklad o opr\u00e1vnen\u00ed podnika\u0165,<br \/>\ne) zabezpe\u010di\u0165, aby v\u0161etky vozidl\u00e1, ktor\u00e9 sa pou\u017e\u00edvaj\u00fa na podnikanie, parkovali alebo gar\u00e1\u017eovali vo vlastn\u00fdch priestoroch,<br \/>\nf) zamestn\u00e1va\u0165 ako ved\u00faceho dopravy len osobu, ktor\u00e1 ma osved\u010denie o odbornej sp\u00f4sobilosti,<br \/>\ng) zabezpe\u010di\u0165, aby boli v\u0161etky vozidl\u00e1 poisten\u00e9 pre pr\u00edpad zodpovednosti za \u0161kodu sp\u00f4soben\u00fa prev\u00e1dzkou vozidiel a \u010dinnos\u0165ou os\u00e1dok vozidiel.<br \/>\n3.2. Ak s\u00fa splnen\u00e9 podmienky pod\u013ea prepravn\u00e9ho poriadku a umo\u017e\u0148uj\u00fa to prepravn\u00e9 podmienky, najm\u00e4 technick\u00fd stav, obsadite\u013enos\u0165 alebo vy\u0165a\u017eite\u013enos\u0165 vozidla a sp\u00f4sobilos\u0165 vodi\u010da a nebr\u00e1nia tomu pr\u00ed\u010diny, ktor\u00e9 nemo\u017eno odvr\u00e1ti\u0165, dopravca je povinn\u00fd vykona\u0165 prepravu (\u010falej len Prepravn\u00e1 povinnos\u0165).<br \/>\n3.3. Ak si prepravu u dopravcu objedn\u00e1 podnikate\u013esk\u00fd subjekt a d\u00f4jde k uzavretiu zmluvy o preprave bude sa riadi\u0165 ustanoveniami Zmluvy o preprave vec\u00ed pod\u013ea Obchodn\u00e9ho z\u00e1konn\u00edka ak nie je dohodnut\u00e9 inak.<br \/>\n3.4. Zmluvou o preprave veci sa dopravca zav\u00e4zuje odosielate\u013eovi, \u017ee preprav\u00ed vec (z\u00e1sielku) z ur\u010dit\u00e9ho miesta (miesto odoslania) do ur\u010dit\u00e9ho in\u00e9ho miesta (miesto ur\u010denia), a odosielate\u013e sa zav\u00e4zuje zaplati\u0165 mu odplatu (prepravn\u00e9).<br \/>\n3.5. Dopravca je opr\u00e1vnen\u00fd po\u017eadova\u0165, aby mu odosielate\u013e potvrdil po\u017eadovan\u00fa prepravu v prepravnom doklade, a odosielate\u013e je opr\u00e1vnen\u00fd po\u017eadova\u0165, aby mu dopravca p\u00edsomne potvrdil prevzatie z\u00e1sielky.<br \/>\n3.6. Ak s\u00fa na vykonanie prepravy potrebn\u00e9 osobitn\u00e9 listiny, je odosielate\u013e povinn\u00fd odovzda\u0165 ich dopravcovi najnesk\u00f4r pri odovzdan\u00ed z\u00e1sielky na prepravu. Odosielate\u013e zodpoved\u00e1 za \u0161kodu sp\u00f4soben\u00fa dopravcovi neodovzdan\u00edm t\u00fdchto list\u00edn alebo ich nespr\u00e1vnos\u0165ou.<br \/>\n3.7. Ak nevypl\u00fdva zo zmluvy nie\u010do in\u00e9, zmluva zanik\u00e1, ak odosielate\u013e nepo\u017eiadal dopravcu o prevzatie z\u00e1sielky v \u010dase ur\u010denom v zmluve, inak do \u0161iestich mesiacov od uzavretia zmluvy.<br \/>\n3.8. Dopravca je povinn\u00fd prepravu vykona\u0165 do miesta ur\u010denia s odbornou starostlivos\u0165ou v dohodnutej lehote, inak bez zbyto\u010dn\u00e9ho odkladu. Pri pochybnostiach za\u010d\u00edna lehota plyn\u00fa\u0165 d\u0148om nasleduj\u00facim po prevzat\u00ed z\u00e1sielky dopravcom.<br \/>\n3.9. Ak je dopravcovi zn\u00e1my pr\u00edjemca z\u00e1sielky, je povinn\u00fd doru\u010di\u0165 mu z\u00e1sielku, alebo ak m\u00e1 pod\u013ea zmluvy pr\u00edjemca z\u00e1sielku v mieste ur\u010denia vyzdvihn\u00fa\u0165, ozn\u00e1mi\u0165 mu ukon\u010denie prepravy.<br \/>\n3.10. Dokia\u013e Dopravca z\u00e1sielku nevydal pr\u00edjemcovi, je odosielate\u013e opr\u00e1vnen\u00fd<\/p>\n<p>3 \/ 5<\/p>\n<p>po\u017eadova\u0165, aby preprava bola preru\u0161en\u00e1 a z\u00e1sielka mu bola vr\u00e1ten\u00e1, alebo aby s \u0148ou bolo nalo\u017een\u00e9 inak, a uhrad\u00ed \u00fa\u010delne vynalo\u017een\u00e9 n\u00e1klady s t\u00fdm spojen\u00e9.<br \/>\n3.11. Ak zmluva ur\u010duje, \u017ee pred vydan\u00edm z\u00e1sielky dopravca vyberie od pr\u00edjemcu ur\u010dit\u00fa pe\u0148a\u017en\u00fa sumu (z\u00e1sielka na dobierku) alebo uskuto\u010dn\u00ed in\u00fd inkasn\u00fd \u00fakon, platia primerane ustanovenia o bankovom dokument\u00e1rnom inkase (\u00a7 697 a nasleduj\u00facich z\u00e1kona \u010d. 513\/1991 Zb. Obchodn\u00fd z\u00e1konn\u00edk).<br \/>\n4. Veci vyl\u00fa\u010den\u00e9 z prepravy<br \/>\n4.1. Z prepravy s\u00fa vyl\u00fa\u010den\u00e9:<\/p>\n<p>a) veci, ktor\u00fdch preprava je zak\u00e1zan\u00e1 v\u0161eobecne platn\u00fdmi pr\u00e1vnymi predpismi,<br \/>\nb) nebezpe\u010dn\u00e9 veci v zmysle aktu\u00e1lnej Eur\u00f3pskej dohody o cestnej preprave nebezpe\u010dn\u00fdch vec\u00ed (\u010falej len Dohoda ADR),<br \/>\nc) predmety, ktor\u00e9 svojimi rozmermi alebo hmotnos\u0165ou vzh\u013eadom na u\u017eito\u010dn\u00fa hmotnos\u0165 a rozmery vozidiel a stav pozemn\u00fdch komunik\u00e1ci\u00ed, ktor\u00e9 maj\u00fa by\u0165 pri preprave pou\u017eit\u00e9, s\u00fa nevhodn\u00e9 na prepravu vozidlom Dopravcu,<br \/>\nd) veci vysokej, resp. \u0165a\u017eko vy\u010d\u00edslite\u013enej hodnoty (umeleck\u00e9 zbierky, staro\u017eitnosti\u2026)<br \/>\n4.2. Ak bola podan\u00e1 k preprave z\u00e1sielka, ktor\u00e1 je vyl\u00fa\u010den\u00e1 z prepravy alebo jej preprava je povolen\u00e1 za zvl\u00e1\u0161tnych podmienok, bez toho aby bola t\u00e1to povaha z\u00e1sielky Dopravcovi ozn\u00e1men\u00e1 alebo bola prevzat\u00e1 tak\u00e1 z\u00e1sielka k preprave na podklade nespr\u00e1vnych alebo ne\u00fapln\u00fdch \u00fadajov, je odosielate\u013e povinn\u00fd zaplati\u0165 pokutu vo v\u00fd\u0161ke rovnaj\u00facej sa trojn\u00e1sobku dohodnut\u00e9ho prepravn\u00e9ho za celovozov\u00fa z\u00e1sielku.<br \/>\n5. Zodpovednos\u0165 Dopravcu za \u0161kodu<br \/>\n5.1. Dopravca zodpoved\u00e1 za \u0161kodu na z\u00e1sielke, ktor\u00e1 vznikla po jej prevzat\u00ed dopravcom a\u017e do jej vydania pr\u00edjemcovi, iba\u017ee ju dopravca nemohol odvr\u00e1ti\u0165 pri vynalo\u017een\u00ed odbornej starostlivosti.<br \/>\n6. Prepravn\u00e9 listiny v n\u00e1kladnej cestnej preprave<br \/>\n6.1. Prepravn\u00e1 listina ako prepravn\u00fd doklad sprev\u00e1dza z\u00e1sielku a\u017e do jej vydania, pr\u00edpadne likvid\u00e1cie. Prepravn\u00fa listinu je povinn\u00fd riadne vyplnen\u00fa odovzda\u0165 dopravcovi odosielate\u013e alebo je povinn\u00fd \u00fadaje t\u00fdkaj\u00face sa z\u00e1sielky dopravcovi poskytn\u00fa\u0165 a po zap\u00edsan\u00ed napr\u00edklad dopravcom do n\u00e1kladn\u00e9ho listu ich podpisom potvrdi\u0165 alebo dopravca sa m\u00f4\u017ee na prepravnej listine dohodn\u00fa\u0165 inak.<br \/>\n6.2. Prepravn\u00e1 listina sa odovzd\u00e1va dopravcovi, ak nebolo dohodnut\u00e9 inak spolu so z\u00e1sielkou.<br \/>\n6.3. Prepravn\u00e1 listina mus\u00ed obsahova\u0165 najmenej tieto \u00fadaje:<\/p>\n<p>a) n\u00e1zov (meno) odosielate\u013ea a pr\u00edjemcu,<br \/>\nb) obvykl\u00e9 pomenovanie obsahu z\u00e1sielky a jej obalu,<br \/>\n4 \/ 5<\/p>\n<p>c) po\u010det kusov,<br \/>\nd) celkov\u00fa hmotnos\u0165 z\u00e1sielky,<br \/>\ne) miesto nakl\u00e1dky a miesto vykl\u00e1dky,<br \/>\nf) d\u00e1tum a potvrdenie prevzatia z\u00e1sielky dopravcom a pr\u00edjemcom,<br \/>\ng) miesto pre v\u00fdhrady dopravcu.<br \/>\n6.4. Ak sa naklad\u00e1 alebo vyklad\u00e1 z\u00e1sielka na viacer\u00fdch miestach, je odosielate\u013e povinn\u00fd odovzda\u0165 pre ka\u017ed\u00fa \u010das\u0165 z\u00e1sielky samostatn\u00fa prepravn\u00fa listinu. Pre niektor\u00e9 druhy prepr\u00e1v m\u00f4\u017eu by\u0165 \u00fadaje prepravnej listiny zjednodu\u0161en\u00e9.<br \/>\n6.5. Dopravca a prepravcovia (odosielate\u013e a pr\u00edjemca) zodpovedaj\u00fa za spr\u00e1vnos\u0165 a \u00faplnos\u0165 \u00fadajov, ktor\u00e9 zapisuj\u00fa do prepravnej listiny.<br \/>\n6.6. Dopravca m\u00e1 pr\u00e1vo zap\u00edsa\u0165 do prepravnej listiny v\u00fdhrady dopravcu k druhu pou\u017eit\u00e9ho vozidla na z\u00e1klade po\u017eiadavky objedn\u00e1vate\u013ea prepravy, stave z\u00e1sielky, jej obalu, po\u010dtu kusov a sp\u00f4sobu nakl\u00e1dky.<br \/>\n7. Reklama\u010dn\u00e9 konanie<br \/>\n7.1. Reklama\u010dn\u00e9 lehoty a preml\u010dacie doby na uplat\u0148ovanie n\u00e1rokov odosielate\u013ea alebo pr\u00edjemcu vypl\u00fdvaj\u00face z prepravnej zmluvy s dopravcom s\u00fa uveden\u00e9 pre vn\u00fatro\u0161t\u00e1tnu cestn\u00fa n\u00e1kladn\u00fa dopravu vykon\u00e1van\u00fa v Slovenskej republike v Obchodnom z\u00e1konn\u00edku a Ob\u010dianskom z\u00e1konn\u00edku.<br \/>\n7.2. Opr\u00e1vnen\u00fd (prepravca alebo zasielate\u013e) mus\u00ed reklamova\u0165 u dopravcu v\u0161etky pr\u00e1va vypl\u00fdvaj\u00face z prepravy p\u00edsomne.<br \/>\n7.3. Vr\u00e1tenie zaplatenej sumy za prepravu je opr\u00e1vnen\u00fd (prepravca alebo zasielate\u013e) \u017eiada\u0165 len ak ju preuk\u00e1zate\u013ene dopravcovi uhradil.<br \/>\n7.4. S\u0165a\u017enosti a reklam\u00e1cie na plnenie z\u00e1v\u00e4zkov z prepravn\u00e9ho poriadku a ich vybavovanie dopravcom pod\u013ea reklama\u010dn\u00e9ho poriadku presk\u00famava Slovensk\u00e1 obchodn\u00e1 in\u0161pekcia.<br \/>\n8. Zverejnenie prepravn\u00e9ho poriadku<br \/>\n8.1. V\u0161etky zmeny a doplnky prepravn\u00e9ho poriadku s\u00fa platn\u00e9 d\u0148om ich zverejnenia a spr\u00edstupnenia na webovom s\u00eddle Dopravcu.<br \/>\n8.2. Pod\u013ea Z\u00e1kona o cestnej doprave Dopravca zverejnil tento prepravn\u00fd poriadok na svojom webovom s\u00eddle www.margustrans.eu a je k dispoz\u00edci\u00ed aj v s\u00eddle Dopravcu.<br \/>\n8.3. Pod\u013ea Z\u00e1kona o cestnej doprave je zverejnen\u00fd prepravn\u00fd poriadok s\u00fa\u010das\u0165ou n\u00e1vrhu dopravcu na uzavretie prepravnej zmluvy a po jej uzatvoren\u00ed je jeho obsah s\u00fa\u010das\u0165ou zmluvn\u00fdch pr\u00e1v a povinnost\u00ed \u00fa\u010dastn\u00edkov zmluvy.<br \/>\n8.4. Objedn\u00e1vate\u013e prepravy je pred podp\u00edsan\u00edm zmluvy o preprave vec\u00ed resp. n\u00e1kladu povinn\u00fd sa s t\u00fdmto prepravn\u00fdm poriadkom obozn\u00e1mi\u0165.<br \/>\n9. Zmeny v prepravnom poriadku cestnej n\u00e1kladnej dopravy<br \/>\n9.1. Ak bude prepravn\u00fd poriadok podstatne zmenen\u00fd alebo podstatne doplnen\u00fd,<\/p>\n<p>5 \/ 5<\/p>\n<p>dopravca zabezpe\u010d\u00ed jeho zverejnenie a spr\u00edstupnenie v \u00faplnom znen\u00ed.<br \/>\n10. Z\u00e1vere\u010dn\u00e9 ustanovenia<br \/>\n10.1. Platn\u00e9 z\u00e1konn\u00e9 ustanovenia Ob\u010dianskeho z\u00e1konn\u00edka, Obchodn\u00e9ho z\u00e1konn\u00edka a z\u00e1kona NR SR \u010d. 168\/1996 Zb. t\u00fdmto prepravn\u00fdm poriadkom nie s\u00fa dotknut\u00e9.<br \/>\n10.2. Tento prepravn\u00fd poriadok je platn\u00fd od 01.06.2023<\/p>\n","protected":false},"excerpt":{"rendered":"<p>&nbsp; 1 \/ 5 PREPRAVN\u00dd PORIADOK CESTNEJ N\u00c1KLADNEJ DOPRAVY spolo\u010dnosti Margus, s. r. o., so s\u00eddlom na Z\u00e1mock\u00e1 706\/1, 064<span class=\"more-dots\">&#8230;<\/span><\/p>\n","protected":false},"author":1,"featured_media":0,"parent":0,"menu_order":0,"comment_status":"closed","ping_status":"closed","template":"","meta":{"_monsterinsights_skip_tracking":false,"_monsterinsights_sitenote_active":false,"_monsterinsights_sitenote_note":"","_monsterinsights_sitenote_category":0,"footnotes":""},"class_list":["post-198","page","type-page","status-publish","hentry","no-post-thumbnail"],"yoast_head":"<!-- This site is optimized with the Yoast SEO plugin v24.9 - https:\/\/yoast.com\/wordpress\/plugins\/seo\/ -->\n<title>Legal regulations - Margus, s.r.o.<\/title>\n<meta name=\"robots\" content=\"index, follow, max-snippet:-1, max-image-preview:large, max-video-preview:-1\" \/>\n<link rel=\"canonical\" href=\"https:\/\/www.margustrans.eu\/?page_id=198\" \/>\n<meta property=\"og:locale\" content=\"en_US\" \/>\n<meta property=\"og:type\" content=\"article\" \/>\n<meta property=\"og:title\" content=\"Legal regulations - Margus, s.r.o.\" \/>\n<meta property=\"og:description\" content=\"&nbsp; 1 \/ 5 PREPRAVN\u00dd PORIADOK CESTNEJ N\u00c1KLADNEJ DOPRAVY spolo\u010dnosti Margus, s. r. o., so s\u00eddlom na Z\u00e1mock\u00e1 706\/1, 064...\" \/>\n<meta property=\"og:url\" content=\"https:\/\/www.margustrans.eu\/?page_id=198\" \/>\n<meta property=\"og:site_name\" content=\"Margus, s.r.o.\" \/>\n<meta property=\"article:modified_time\" content=\"2025-04-28T20:49:58+00:00\" \/>\n<meta name=\"twitter:card\" content=\"summary_large_image\" \/>\n<meta name=\"twitter:label1\" content=\"Est. reading time\" \/>\n\t<meta name=\"twitter:data1\" content=\"6 minutes\" \/>\n<script type=\"application\/ld+json\" class=\"yoast-schema-graph\">{\"@context\":\"https:\/\/schema.org\",\"@graph\":[{\"@type\":\"WebPage\",\"@id\":\"https:\/\/www.margustrans.eu\/?page_id=198\",\"url\":\"https:\/\/www.margustrans.eu\/?page_id=198\",\"name\":\"Legal regulations - Margus, s.r.o.\",\"isPartOf\":{\"@id\":\"https:\/\/www.margustrans.eu\/#website\"},\"datePublished\":\"2025-04-28T20:25:59+00:00\",\"dateModified\":\"2025-04-28T20:49:58+00:00\",\"breadcrumb\":{\"@id\":\"https:\/\/www.margustrans.eu\/?page_id=198#breadcrumb\"},\"inLanguage\":\"en-US\",\"potentialAction\":[{\"@type\":\"ReadAction\",\"target\":[\"https:\/\/www.margustrans.eu\/?page_id=198\"]}]},{\"@type\":\"BreadcrumbList\",\"@id\":\"https:\/\/www.margustrans.eu\/?page_id=198#breadcrumb\",\"itemListElement\":[{\"@type\":\"ListItem\",\"position\":1,\"name\":\"Home\",\"item\":\"https:\/\/www.margustrans.eu\/\"},{\"@type\":\"ListItem\",\"position\":2,\"name\":\"Legal regulations\"}]},{\"@type\":\"WebSite\",\"@id\":\"https:\/\/www.margustrans.eu\/#website\",\"url\":\"https:\/\/www.margustrans.eu\/\",\"name\":\"Margus, s.r.o.\",\"description\":\"Domestic and international road transport of goods\",\"publisher\":{\"@id\":\"https:\/\/www.margustrans.eu\/#organization\"},\"potentialAction\":[{\"@type\":\"SearchAction\",\"target\":{\"@type\":\"EntryPoint\",\"urlTemplate\":\"https:\/\/www.margustrans.eu\/?s={search_term_string}\"},\"query-input\":{\"@type\":\"PropertyValueSpecification\",\"valueRequired\":true,\"valueName\":\"search_term_string\"}}],\"inLanguage\":\"en-US\"},{\"@type\":\"Organization\",\"@id\":\"https:\/\/www.margustrans.eu\/#organization\",\"name\":\"Margus, s.r.o.\",\"url\":\"https:\/\/www.margustrans.eu\/\",\"logo\":{\"@type\":\"ImageObject\",\"inLanguage\":\"en-US\",\"@id\":\"https:\/\/www.margustrans.eu\/#\/schema\/logo\/image\/\",\"url\":\"https:\/\/www.margustrans.eu\/wp-content\/uploads\/2025\/04\/Kamion.jpg\",\"contentUrl\":\"https:\/\/www.margustrans.eu\/wp-content\/uploads\/2025\/04\/Kamion.jpg\",\"width\":1561,\"height\":1794,\"caption\":\"Margus, s.r.o.\"},\"image\":{\"@id\":\"https:\/\/www.margustrans.eu\/#\/schema\/logo\/image\/\"}}]}<\/script>\n<!-- \/ Yoast SEO plugin. -->","yoast_head_json":{"title":"Legal regulations - Margus, s.r.o.","robots":{"index":"index","follow":"follow","max-snippet":"max-snippet:-1","max-image-preview":"max-image-preview:large","max-video-preview":"max-video-preview:-1"},"canonical":"https:\/\/www.margustrans.eu\/?page_id=198","og_locale":"en_US","og_type":"article","og_title":"Legal regulations - Margus, s.r.o.","og_description":"&nbsp; 1 \/ 5 PREPRAVN\u00dd PORIADOK CESTNEJ N\u00c1KLADNEJ DOPRAVY spolo\u010dnosti Margus, s. r. o., so s\u00eddlom na Z\u00e1mock\u00e1 706\/1, 064...","og_url":"https:\/\/www.margustrans.eu\/?page_id=198","og_site_name":"Margus, s.r.o.","article_modified_time":"2025-04-28T20:49:58+00:00","twitter_card":"summary_large_image","twitter_misc":{"Est. reading time":"6 minutes"},"schema":{"@context":"https:\/\/schema.org","@graph":[{"@type":"WebPage","@id":"https:\/\/www.margustrans.eu\/?page_id=198","url":"https:\/\/www.margustrans.eu\/?page_id=198","name":"Legal regulations - Margus, s.r.o.","isPartOf":{"@id":"https:\/\/www.margustrans.eu\/#website"},"datePublished":"2025-04-28T20:25:59+00:00","dateModified":"2025-04-28T20:49:58+00:00","breadcrumb":{"@id":"https:\/\/www.margustrans.eu\/?page_id=198#breadcrumb"},"inLanguage":"en-US","potentialAction":[{"@type":"ReadAction","target":["https:\/\/www.margustrans.eu\/?page_id=198"]}]},{"@type":"BreadcrumbList","@id":"https:\/\/www.margustrans.eu\/?page_id=198#breadcrumb","itemListElement":[{"@type":"ListItem","position":1,"name":"Home","item":"https:\/\/www.margustrans.eu\/"},{"@type":"ListItem","position":2,"name":"Legal regulations"}]},{"@type":"WebSite","@id":"https:\/\/www.margustrans.eu\/#website","url":"https:\/\/www.margustrans.eu\/","name":"Margus, s.r.o.","description":"Domestic and international road transport of goods","publisher":{"@id":"https:\/\/www.margustrans.eu\/#organization"},"potentialAction":[{"@type":"SearchAction","target":{"@type":"EntryPoint","urlTemplate":"https:\/\/www.margustrans.eu\/?s={search_term_string}"},"query-input":{"@type":"PropertyValueSpecification","valueRequired":true,"valueName":"search_term_string"}}],"inLanguage":"en-US"},{"@type":"Organization","@id":"https:\/\/www.margustrans.eu\/#organization","name":"Margus, s.r.o.","url":"https:\/\/www.margustrans.eu\/","logo":{"@type":"ImageObject","inLanguage":"en-US","@id":"https:\/\/www.margustrans.eu\/#\/schema\/logo\/image\/","url":"https:\/\/www.margustrans.eu\/wp-content\/uploads\/2025\/04\/Kamion.jpg","contentUrl":"https:\/\/www.margustrans.eu\/wp-content\/uploads\/2025\/04\/Kamion.jpg","width":1561,"height":1794,"caption":"Margus, s.r.o."},"image":{"@id":"https:\/\/www.margustrans.eu\/#\/schema\/logo\/image\/"}}]}},"_links":{"self":[{"href":"https:\/\/www.margustrans.eu\/index.php?rest_route=\/wp\/v2\/pages\/198"}],"collection":[{"href":"https:\/\/www.margustrans.eu\/index.php?rest_route=\/wp\/v2\/pages"}],"about":[{"href":"https:\/\/www.margustrans.eu\/index.php?rest_route=\/wp\/v2\/types\/page"}],"author":[{"embeddable":true,"href":"https:\/\/www.margustrans.eu\/index.php?rest_route=\/wp\/v2\/users\/1"}],"replies":[{"embeddable":true,"href":"https:\/\/www.margustrans.eu\/index.php?rest_route=%2Fwp%2Fv2%2Fcomments&post=198"}],"version-history":[{"count":3,"href":"https:\/\/www.margustrans.eu\/index.php?rest_route=\/wp\/v2\/pages\/198\/revisions"}],"predecessor-version":[{"id":210,"href":"https:\/\/www.margustrans.eu\/index.php?rest_route=\/wp\/v2\/pages\/198\/revisions\/210"}],"wp:attachment":[{"href":"https:\/\/www.margustrans.eu\/index.php?rest_route=%2Fwp%2Fv2%2Fmedia&parent=198"}],"curies":[{"name":"wp","href":"https:\/\/api.w.org\/{rel}","templated":true}]}}